s the highest common divisor of p and i?
13
Let t(p) = -12*p + 6. Let o be t(-4). Let a be 24/9*9/4. What is the greatest common factor of o and a?
6
Suppose -148 = 2*p - 7*p - 3*l, 4*l + 176 = 5*p. Calculate the highest common divisor of p and 16.
16
Let a(h) = -h**3 + 13*h**2 + 14*h - 8. Let q be a(14). Let p be 0/3 - (2 + q). What is the highest common factor of 3 and p?
3
Suppose 5*q + 0*q = -5*f + 165, -4*f + 127 = 5*q. Calculate the highest common divisor of 76 and f.
38
Suppose 6 = 5*f - 2*f. Suppose -2*b + 5*b - 214 = -f*u, 3*u - 357 = -5*b. Calculate the highest common factor of 8 and b.
8
Let t = -35 - -51. Let g be (-26)/(-3 + (-5)/(-1)). Let o(x) = x + 17. Let s be o(g). What is the highest common factor of s and t?
4
Let j(y) = -y**3 + 2*y**2 + 3*y + 4. Let u be j(3). Let s be ((-32)/2)/((-2)/u). What is the greatest common divisor of s and 8?
8
Let y be (-12 - 0)/(-2) + -2. What is the greatest common factor of y and 36?
4
Let y be 10 + (-2)/15 + 522/(-135). Suppose -4*a - a = 2*h - 196, 5*h = -a + 536. Let d = -42 + h. Calculate the highest common divisor of y and d.
6
Let d = -458 + 692. What is the highest common factor of d and 26?
26
Let r = 367 + -235. Calculate the highest common factor of 44 and r.
44
Suppose 2*o + o - 99 = 0. What is the greatest common divisor of 11 and o?
11
Suppose -h = -8*h + 196. What is the highest common factor of h and 14?
14
Let y be 1 + (-7)/(7/6). Let h be (-94)/y + 4/20. Suppose 5*w - h = 4*v + 63, 2*v + 6 = 0. Calculate the greatest common divisor of w and 42.
14
Let b(d) = -d - 9. Let j be b(-12). Suppose 11 = j*q - 28. Calculate the highest common factor of 91 and q.
13
Let s = -34 + 36. What is the highest common factor of s and 8?
2
Let x(l) = 5*l**2 + 9*l + 4. Let p be x(8). What is the greatest common factor of p and 36?
36
Let p be -4 + 34 + 1 + -3. What is the highest common divisor of 12 and p?
4
Let q(g) = 22*g - 16. Let s be q(3). What is the highest common factor of s and 10?
10
Suppose 2*f - v - 1475 = -3*f, 4*v - 908 = -3*f. What is the greatest common factor of f and 37?
37
Let l be (1 - -1)/((-2)/(-69)). Calculate the highest common factor of l and 46.
23
Let l be -6 + 9/3 - -1. Let t = 2 + l. Suppose m - 1 = -t*m. Calculate the highest common divisor of m and 1.
1
Let d be (-1)/(3/4) - (-2162)/69. Calculate the greatest common factor of 20 and d.
10
Suppose -2*u + 5*j = -78, 6*j = -u + 3*j + 50. Calculate the greatest common factor of 4 and u.
4
Suppose 6*x - 4*x - 16 = 0. Calculate the highest common factor of 88 and x.
8
Suppose -2*b = b. Suppose 5*m = -b*m + 895. Suppose -4*u - 109 = -4*c + c, m = 5*c - 4*u. Calculate the greatest common divisor of 5 and c.
5
Let g(w) = 9*w - 29. Let f be g(8). What is the greatest common divisor of f and 301?
43
Suppose 5*z + 4*p - 58 = 0, -3*p + 18 = 3*z - 15. Let c = 3 - 1. Calculate the highest common divisor of c and z.
2
Let b be ((-18)/(-15))/((-2)/(-5)). Suppose -2*h + 35 = 4*o + b*h, -3*o - 3*h = -27. Let n = 94 - 84. Calculate the greatest common divisor of o and n.
10
Let w = 2 - 1. Calculate the highest common factor of w and 4.
1
Let b be (0 - -1 - -1) + -1. Suppose r = 4*n + 19, r + n + 3 = 12. Calculate the highest common divisor of b and r.
1
Let u(d) = 2*d**2 - d + 5. Let t be u(4). Suppose t = x + 4*h, -h + 75 = 4*x - 4*h. Calculate the highest common divisor of x and 3.
3
Let a be -5*(9/(-5) - -1). Let u be a - (2 + -4 + 3). Calculate the highest common factor of 12 and u.
3
Suppose -3*u + 5*y = 3, -5*u - 2 + 19 = -y. Calculate the greatest common factor of 2 and u.
2
Suppose 4*n + 145 = -n. Let c = n + 11. Let o be (-2264)/c + (-2)/(-9). Calculate the greatest common divisor of o and 14.
14
Suppose 559 = 9*n - 737. What is the greatest common divisor of n and 16?
16
Let o = -1 + 5. Calculate the greatest common divisor of o and 14.
2
Let a = -1 + 0. Let g be 1*9 + 2/a. Calculate the highest common divisor of g and 49.
7
Let o(p) = -p. Let s(x) = -6*x + 1. Let v(m) = -5*o(m) + s(m). Let u be v(-5). Let l = -4 - -8. Calculate the greatest common factor of l and u.
2
Let g(i) = -i**2 - 4*i + 5. Let n be g(-4). Let o be (n - 1)*(-45)/(-12). What is the greatest common divisor of 15 and o?
15
Let b(c) = -c**3 + 10*c**2 - 10*c + 22. Let s be b(7). What is the highest common factor of s and 44?
11
Let z be (1 - 1)/1*1. Suppose -2*q + z + 6 = -x, 0 = -3*q + x + 11. Let a be (-92)/(-6) + (-3)/9. What is the greatest common divisor of q and a?
5
Let z be (-10)/35 + (-88)/(-14). What is the greatest common divisor of z and 66?
6
Let r(z) = z**2 + 3*z + 11. Let t(j) = j**3 + 7*j**2 - 7*j + 3. Let u be t(-8). Let h be r(u). Calculate the highest common factor of 231 and h.
21
Let s be (12/7)/(6/21). Calculate the greatest common divisor of 30 and s.
6
Let q be (-2)/8 - 106/(-8). Suppose -u = -4*y - 4*u + 480, 4*u = 3*y - 335. Calculate the highest common divisor of y and q.
13
Let h(x) = -x**2 + 9*x + 12. Let w be h(10). Let c(a) = a**3 - 3*a**2 - 3*a - 3. Let z be c(4). Calculate the greatest common divisor of z and w.
1
Suppose 5*i - 2 = x, -2*x - 2*i + 4 = -4*i. Let y be ((-4)/x)/((-2)/(-96)). Let w = y + 109. Calculate the highest common divisor of w and 9.
9
Let p(u) = -u + 5. Let m be p(-5). Let h(j) = j**2 - 30. Let b be h(0). Let d be 18/m*b/(-9). What is the greatest common factor of d and 6?
6
Let b be 2*(7/2 + (6 - 5)). Let q = 56 + 7. What is the greatest common divisor of q and b?
9
Suppose -k = 3*k + 2*s - 74, 3*s = 3*k - 33. Calculate the greatest common factor of 64 and k.
16
Suppose 5*t - 188 = -28. What is the highest common divisor of t and 112?
16
Let v(p) = p**3 - 4*p**2 + p - 1. Let d be v(4). Let i be d + (-4 - -3)*-1. Suppose m = i*m - 24. Calculate the greatest common divisor of 20 and m.
4
Let x be (-8)/(-48) - 358/(-12). What is the greatest common divisor of 60 and x?
30
Let k = -396 - -751. Suppose 5*a + 55 - k = 0. What is the greatest common factor of a and 24?
12
Let g be (24/(-10))/((-3)/10). Let t(o) = -o**2 + 7*o + 7. Let j be t(g). Let q be j + 4 + (-2)/1. Calculate the highest common divisor of 9 and q.
1
Let w be (-6)/(-10) + (4 - 138/30). Suppose -4*u + y + 4 = 0, 0 + 2 = -u + y. Suppose w = u*v - 3 - 5. Calculate the highest common factor of v and 28.
4
Let t be (-4)/(-3)*(-12)/(-8). Suppose -7*y = -t*y - 200. Let k = 35 + -19. Calculate the highest common divisor of y and k.
8
Suppose -2*l + 4*s = -24, -5*l - 4*s + 15 = s. Let q = 14 + l. Calculate the highest common factor of q and 5.
5
Let x = 142 + -129. What is the highest common divisor of 26 and x?
13
Suppose -46 = -4*l + 6. Let r(q) = q**2 + q - 17. Let b be r(-8). What is the greatest common factor of l and b?
13
Let z(b) = -b - 5. Let a be z(-7). Let r(m) = -2 - 12*m + 0*m**2 + a*m + 2*m**2. Let f be r(10). Calculate the greatest common divisor of f and 14.
14
Let a = -130 - -319. Calculate the greatest common divisor of a and 9.
9
Suppose 2*p + u = 63, -3*p + 87 = -3*u + 2*u. What is the greatest common factor of 75 and p?
15
Suppose -9*r - 9 + 36 = 0. Suppose 0 = -5*q - 5*m + 10, 0*m = 5*q + m - 10. What is the greatest common divisor of q and r?
1
Let r(g) = -g + 1. Let w be (-1 - 0/(-2))/1. Let i be r(w). Let h be 59 - (0 + -3 + i). What is the greatest common divisor of 24 and h?
12
Suppose 8*j - 208 = -0*j. Calculate the highest common divisor of 39 and j.
13
Suppose -3*s + 24 = -l - 0*l, 3*l = -4*s - 59. Let h = 39 + l. Suppose 0*t = 2*t - 18. What is the greatest common divisor of h and t?
9
Let q = -12 + 32. Calculate the highest common factor of 10 and q.
10
Let r(g) = g**2 - 5. Let s be (8/3)/((-2)/(-3)). Let w be r(s). Suppose u = -5, 5*a + 0*u - 100 = -2*u. What is the greatest common divisor of w and a?
11
Let k be 12/20 - 1028/5. Let i = k + 289. Suppose 3*p - 3*m = i, -6*p = -3*p - m - 80. Calculate the highest common factor of 65 and p.
13
Let s be ((-3)/3)/(3/(-807)). Suppose 4*w - s = -77. What is the greatest common factor of w and 6?
6
Let z = 8 + -3. Let u be 1 + 0/(1 - 2). What is the highest common factor of u and z?
1
Let v = 3 - -17. Let a(x) = -22*x**2 + 2*x - 1. Let y be a(1). Let z = y + 31. What is the highest common divisor of z and v?
10
Let s = 117 + -107. Calculate the highest common divisor of